{"version":"1.0","provider_name":"AmstedMaxion","provider_url":"https:\/\/www.amstedmaxion.com.br\/en\/","author_name":"juan@newmind.com.br","author_url":"https:\/\/www.amstedmaxion.com.br\/en\/author\/juannewmind-com-br\/","title":"Governo avalia futuro da Transnordestina - AmstedMaxion","type":"rich","width":600,"height":338,"html":"<blockquote class=\"wp-embedded-content\" data-secret=\"DOo3BlCNoL\"><a href=\"https:\/\/www.amstedmaxion.com.br\/en\/governo-avalia-futuro-da-transnordestina\/\">Governo avalia futuro da Transnordestina<\/a><\/blockquote><iframe sandbox=\"allow-scripts\" security=\"restricted\" src=\"https:\/\/www.amstedmaxion.com.br\/en\/governo-avalia-futuro-da-transnordestina\/embed\/#?secret=DOo3BlCNoL\" width=\"600\" height=\"338\" title=\"&#8220;Governo avalia futuro da Transnordestina&#8221; &#8212; AmstedMaxion\" data-secret=\"DOo3BlCNoL\" frameborder=\"0\" marginwidth=\"0\" marginheight=\"0\" scrolling=\"no\" class=\"wp-embedded-content\"><\/iframe><script type=\"text\/javascript\">\n\/* <![CDATA[ *\/\n\/*! This file is auto-generated *\/\n!function(d,l){\"use strict\";l.querySelector&&d.addEventListener&&\"undefined\"!=typeof URL&&(d.wp=d.wp||{},d.wp.receiveEmbedMessage||(d.wp.receiveEmbedMessage=function(e){var t=e.data;if((t||t.secret||t.message||t.value)&&!\/[^a-zA-Z0-9]\/.test(t.secret)){for(var s,r,n,a=l.querySelectorAll('iframe[data-secret=\"'+t.secret+'\"]'),o=l.querySelectorAll('blockquote[data-secret=\"'+t.secret+'\"]'),c=new RegExp(\"^https?:$\",\"i\"),i=0;i<o.length;i++)o[i].style.display=\"none\";for(i=0;i<a.length;i++)s=a[i],e.source===s.contentWindow&&(s.removeAttribute(\"style\"),\"height\"===t.message?(1e3<(r=parseInt(t.value,10))?r=1e3:~~r<200&&(r=200),s.height=r):\"link\"===t.message&&(r=new URL(s.getAttribute(\"src\")),n=new URL(t.value),c.test(n.protocol))&&n.host===r.host&&l.activeElement===s&&(d.top.location.href=t.value))}},d.addEventListener(\"message\",d.wp.receiveEmbedMessage,!1),l.addEventListener(\"DOMContentLoaded\",function(){for(var e,t,s=l.querySelectorAll(\"iframe.wp-embedded-content\"),r=0;r<s.length;r++)(t=(e=s[r]).getAttribute(\"data-secret\"))||(t=Math.random().toString(36).substring(2,12),e.src+=\"#?secret=\"+t,e.setAttribute(\"data-secret\",t)),e.contentWindow.postMessage({message:\"ready\",secret:t},\"*\")},!1)))}(window,document);\n\/\/# sourceURL=https:\/\/www.amstedmaxion.com.br\/wp-includes\/js\/wp-embed.min.js\n\/* ]]> *\/\n<\/script>\n","description":"O futuro da Transnordestina dever\u00e1 ser tra\u00e7ado em meados de agosto. \u00c9 quando um grupo de trabalho montado pelo governo &#8211; com representantes da Casa Civil, do Minist\u00e9rio dos Transportes e do Minist\u00e9rio de Planejamento &#8211; prev\u00ea concluir sua an\u00e1lise sobre as perspectivas de conclus\u00e3o da ferrovia, que tem trajeto de 1.720 km e corta [&hellip;]"}

O futuro da Transnordestina deverá ser traçado em meados de agosto. É quando um grupo de trabalho montado pelo governo &#8211; com representantes da Casa Civil, do Ministério dos Transportes e do Ministério de Planejamento &#8211; prevê concluir sua análise sobre as perspectivas de conclusão da ferrovia, que tem trajeto de 1.720 km e corta [&hellip;]
